ts digit of d?
1
Suppose d - 32 = 5*d. Let j(w) = -4*w**3 - w**2 - 7*w**2 + 3*w**3 + 2. What is the units digit of j(d)?
2
Let f(j) be the second derivative of j**5/20 - j**4/3 - 4*j**3/3 + 7*j**2/2 + 2*j. Let q be f(6). Suppose -9 = -4*x + q. What is the units digit of x?
0
What is the tens digit of (1 + 475/10)*2?
9
Suppose 4*l = -d - 10, 4*d + l = -d + 7. Let y = 31 + 13. Suppose -y = -6*u + d*u. What is the units digit of u?
1
Let w be (0 - 0)/(-2 - -4). Suppose 2*d + 5*b - 19 = 0, -5*b - 5 = -w. What is the units digit of d?
2
Let w(l) = -l**2 + 2*l + 2. Let n be w(3). Let y be 8/n*(-6 - -4). Let v = y - 10. What is the units digit of v?
6
Let r(t) = -9*t**3 - 2*t**2 - 2*t - 1. Let o be r(-1). Let y(x) = x**3 - o*x + 2 + x - 7*x**2 - 3. What is the units digit of y(8)?
7
Let f = 3 + 10. What is the tens digit of (f - 1)*(-8)/(-6)?
1
Suppose 5*j - 16*j = -737. What is the units digit of j?
7
Let v = 7 + -5. Suppose 2*l + v*l = 36. Suppose -y + 0*j - 4*j - l = 0, -2*y + 18 = -j. What is the units digit of y?
7
Let l be (4 + -1)*1/1. Suppose -10*m + 5*m = -10. Suppose o = 6*o - l*n - 43, -m*o = 4*n - 38. What is the tens digit of o?
1
Suppose 3*k - 14 = 3*z + 2*z, 1 = k + 2*z. Let g = 6 - k. Let r = 2 + g. What is the units digit of r?
5
Suppose -5*c = -4*w + 488, -c - 68 = 2*w - 326. What is the hundreds digit of w?
1
Let q(z) = -14*z - 6. What is the tens digit of q(-5)?
6
Suppose -5*p = -6 - 29. Suppose 3*t = -4*q + 107, -t + 29 = p*q - 4*q. What is the tens digit of t?
4
Let m(d) = 4*d**2 + 2*d + 2. What is the tens digit of m(-3)?
3
Let u = -38 - -56. Let f = 14 + -27. Let j = u + f. What is the units digit of j?
5
Let a = -102 + 26. Let b be a/(-18) - (-8)/(-36). Suppose -9 - 15 = -b*g. What is the units digit of g?
6
Let t(b) = -b + 2. Suppose 4*q + 32 = -5*u, -7 = 5*q - u - u. What is the units digit of t(q)?
5
Let u = 10 - 6. Let l(c) = 6 + u - c - 4. What is the tens digit of l(-6)?
1
Let z(a) = -1 + 3*a**2 + a - 1 - 2*a + 0. Let p(r) = 3*r**3 - 2*r**2 + 2*r - 1. Let v be p(1). What is the units digit of z(v)?
8
Suppose 1 + 7 = 4*k. What is the units digit of k?
2
Suppose 0 = 3*v - 382 - 206. What is the tens digit of v?
9
Let s = -26 - -41. What is the units digit of s?
5
Suppose -4*z - 2 + 1 = -a, 0 = 5*a + 3*z + 18. What is the units digit of (-26)/a - (-6)/(-9)?
8
Let x(o) = o**3 + 5*o**2 + 2. Let b be x(-5). Suppose -3*r + b*v = -17, 0 = 5*v + 1 - 11. What is the units digit of r?
7
Suppose 6*i + 5*s = i, -4*s - 20 = 0. Suppose 0 = j - 4*g - i, -37 - 32 = -5*j - 2*g. What is the tens digit of j?
1
Let h(y) = -y**3 - 8*y**2 + 5*y - 13. What is the units digit of h(-9)?
3
Let a = -3 + 5. Let y(z) = -3*z**2 - 3*z - z**3 + 2*z**2 + 6*z**2 + 2. What is the units digit of y(a)?
8
Let s(w) = -3*w. Let j be s(-1). What is the units digit of j/(-2)*24/(-18)?
2
Let q(t) = -2*t**3 - 3*t**2 - 3*t - 1. Let u be (11/2)/((-3)/(-6)). Suppose -3 + u = -4*a. What is the units digit of q(a)?
9
What is the units digit of ((-1719)/(-21))/3 + 2/(-7)?
7
Let x(o) be the second derivative of o**4/12 + o**3/6 + 5*o**2/2 - 3*o. Let a be (1 + -3 + 2)/(-2). What is the units digit of x(a)?
5
Let z be 4*1*(-69)/(-6). Let x = -33 + z. What is the tens digit of x?
1
Let u = -21 - -22. What is the units digit of 2 - (u + 2 + -3)?
2
Let p = 702 + -467. What is the tens digit of p?
3
Suppose s - 5*p - 61 = -20, p + 5 = 0. What is the units digit of s?
6
Let b = -9 - -13. Suppose h = -b*h. Suppose h = 3*q - 7*q + 4. What is the units digit of q?
1
Suppose 0 = 2*p - 0*q - 3*q - 15, -3*p - 4*q = 3. Suppose p*d - 26 + 5 = 0. What is the units digit of d?
7
Suppose -2*m = -10, v + 4*m - 21 + 0 = 0. Let i be (6/(-1) - -1)*v. Let x(z) = -2*z. What is the units digit of x(i)?
0
Let j be (-3)/2*4/(-6). Let g = 0 - -2. Suppose 0 = g*u + j - 3. What is the units digit of u?
1
Let g(d) = d + 3. Let n be g(0). Suppose -m + h + 9 = 4*m, -5*m = -n*h - 17. What is the units digit of m?
1
Suppose -2*h = -3*h + 8. Suppose o - 4 = h. Suppose -4*k - 4*r + 44 = 0, 46 + o = 5*k + 4*r. What is the units digit of k?
4
Let i(y) = -3*y**2 + 3*y - 6*y**2 + 8*y**2 + 10. Let l(b) = b**2 - 3*b - 9. Let z(r) = 2*i(r) + 3*l(r). What is the units digit of z(5)?
3
What is the tens digit of 801/15 + (-4)/10?
5
Let x(d) = d + 65. What is the units digit of x(-21)?
4
Let a = -107 - -160. Let t = a - 12. What is the units digit of t?
1
Let o be -2 - -3*10/6. Suppose o*v = -5*d + 1 - 2, 4*v - 7 = -5*d. What is the units digit of v?
8
Let x(v) = 8*v**2 - 2. Suppose -5*j - 13 + 3 = 0. Let k be x(j). Suppose 3*d = 8*d - k. What is the units digit of d?
6
Suppose -24 = 2*u - 6*u. Suppose 0 = 8*s - u*s - 40. What is the tens digit of s?
2
Suppose 2*o - 166 = -4*m, 2*o - 3*o + 87 = 4*m. What is the units digit of o?
9
Suppose x = 0, -u = u - x - 108. Let o(a) = a**3 + 7*a**2 + 6*a + 5. Let m be o(-6). Suppose u - 19 = m*k. What is the units digit of k?
7
Suppose x - 48 = -3*x. Suppose 3*g - 8 = o, 3*o = -g - 2*g - x. Let b(j) = j**2 + 4*j. What is the units digit of b(o)?
5
Let o = -75 - -151. Suppose 3*v + f - 77 = -f, 4*f = 4*v - o. What is the tens digit of v?
2
Let r = 6 + 19. What is the units digit of r?
5
Let q be 2/10 + 231/(-55). What is the units digit of (-1 - 23)/(2/q)?
8
Suppose -11*w = -1666 + 390. What is the tens digit of w?
1
Let u = -198 - -300. What is the tens digit of u?
0
Suppose f = -3*f + 116. What is the tens digit of f?
2
Let l be (-6)/15 - (-43)/(-5). Let t be (-4)/(-6) - 318/l. Suppose 5*w - 11 + t = 0, 0 = 5*g + 4*w + 10. What is the units digit of g?
2
Suppose -m = -5 + 1. What is the units digit of m?
4
Suppose 39 = -0*l + 3*l. Suppose 12 = 5*z - l. What is the units digit of z?
5
Let k(g) = -3 + 6 + 3*g**2 + 4*g - 1. What is the tens digit of k(-3)?
1
Let z(w) = -2*w**3 - 5*w**2 - 9*w - 10. What is the units digit of z(-5)?
0
Suppose 4*a = 5*o + 35, -o + a + 3*a + 9 = 0. Let u = 7 + o. Let g = u + 8. What is the units digit of g?
4
Suppose -8*c = c - 1881. What is the tens digit of c?
0
Let i = -25 - -18. Let u = i + 16. What is the units digit of u?
9
Suppose -4*u + 41 + 63 = 0. Suppose -u = -3*g + g. Suppose 0 = -t + 3*x + 16, -t + g = -x - 5. What is the units digit of t?
9
Suppose -3*r + 729 = -75. What is the tens digit of r?
6
Let h(g) = -g**3 + 6*g**2 - 2*g + 2. What is the tens digit of h(3)?
2
Let f be (0 + -1)*(6 + -7). Let p = f + 9. What is the tens digit of p?
1
Let h(q) = 16*q - 32. What is the units digit of h(6)?
4
Let d be (0 - (2 - 2)) + -2. Let t(i) = 2 + 2*i - 5*i**2 + 4*i**2 + 4*i**2. What is the units digit of t(d)?
0
Let u(i) = 17*i - 25. What is the units digit of u(4)?
3
Let w(s) = -4*s**3 + 2. Let n be w(2). Let c be (2/(-5))/((-2)/n). What is the units digit of (4/3)/((-2)/c)?
4
Let y be ((-8)/20)/(4/(-420)). What is the units digit of 3*(y/9 - -3)?
3
Let i(o) = o - 2. Let v be i(7). What is the tens digit of 1*(9 + -2 + v)?
1
Let r(s) = -s + 1. Let j(k) = k**2 - 9*k + 13. Let o(p) = 2*j(p) - 18*r(p). Let a be o(6). What is the tens digit of (-36)/30*a/(-6)?
1
Suppose 3*f + 4*j = 5*j + 17, 0 = f - 5*j - 29. Suppose -f*c = -110 - 90. What is the units digit of c?
0
Let o = 6 + -10. What is the units digit of o/(-10) - (-16)/10?
2
Let t be 1 - 4 - -14*1. Let k = 21 - t. What is the units digit of k?
0
Suppose -3*v + 0*r + 2*r = -11, -5*v + 45 = 2*r. What is the units digit of v?
7
Let o = -80 - -177. What is the tens digit of o?
9
Let l be (1 - 4) + 4/2. Let r = l - -8. What is the units digit of 6/(-21) + 58/r?
8
Let i(b) = 17*b + 1. Let n(j) = 18*j + 1. Let z(c) = -4*i(c) + 3*n(c). What is the tens digit of z(-1)?
1
Let y = 3 - 1. Suppose -q - 24 = y*q. What is the units digit of (-14)/q*2*2?
7
Let j(r) be the first derivative of -3*r**4/4 - r**2 - 2*r + 3. What is the units digit of j(-2)?
6
Suppose 2*v + 5 + 1 = 0. Let b be (-24)/(-9) - (-2)/v. Suppose 5*r - 3*n = 11, -n = -4*r - b*n + 19. What is the units digit of r?
4
Suppose -5*t - 4*u + 120 = 0, 0*u = -t - u + 24. What is the tens digit of t?
2
Let q be (-484)/(-8) + 1/2. Suppose -11 = -2*r - 2*y - 3*y, -4*r + 3*y = -q. What is the units digit of r?
3
What is the tens digit of -3 - (-13)/(-1)*-2?
2
Let v = 35 - 14. What is the tens digit of v?
2
Let w = 3 + 6. Suppose 0 + w = f. What i